n factor of m and t?
23
Let g(s) = 11*s + 1. Let a be g(1). Calculate the greatest common divisor of 96 and a.
12
Suppose 2*x + 4*m - 226 = 0, -2*x - 5*m = -7*x + 550. What is the highest common factor of 37 and x?
37
Let t be 6/(-4)*120/(-45). Suppose u + 0*u - 64 = 4*m, -t*m - 112 = -2*u. Calculate the greatest common factor of 12 and u.
12
Suppose -7*y + 65 = -2*y. Let c be ((-2)/6)/(3/45). Let n(i) = -13*i. Let z be n(c). Calculate the greatest common factor of z and y.
13
Let g = -7 + 7. Suppose -5*b - 4*d + 657 = -g*b, -5*b - 3*d + 659 = 0. What is the greatest common factor of 19 and b?
19
Let w = 576 + -314. Let f = w - 113. Suppose f - 435 = -2*b. Calculate the highest common factor of 13 and b.
13
Suppose -4*x + 3*g = -18, -x - g + 4*g = -9. Suppose x - 75 = -2*s. What is the greatest common divisor of s and 6?
6
Suppose 79 = 6*b - b + k, -50 = -2*b - 5*k. What is the highest common factor of b and 60?
15
Let k = 50 + -10. Let g = -6 + 16. Calculate the greatest common factor of g and k.
10
Suppose 5*r - 44 = 2*f, 2*r = -5*f + 5 + 1. Let h be (6/r)/(1/24). Suppose 5*a = -3*b + h + 5, 5*b - 13 = -2*a. What is the highest common factor of 4 and b?
1
Suppose 0*a = -2*a + 320. Let d(m) = -m**3 + m + 1. Let f be d(0). Let g be (f + 2)*a/6. What is the highest common factor of g and 10?
10
Let d be 8*-1*19/(-38). Calculate the highest common factor of 4 and d.
4
Let z = -99 - -184. Calculate the greatest common factor of 34 and z.
17
Let m(d) = -15*d + 1. Let g be m(-1). Suppose -y + 4*y = 0. Suppose y*z - 4*z = -g. What is the greatest common factor of 6 and z?
2
Let f(y) = -y + 7. Let l be f(6). Let q(s) = s + 2. Let p be q(-6). Let a = p - -13. What is the greatest common factor of l and a?
1
Suppose -n = 2*n. Suppose 0 = 2*b - t - 47, -b + 26 = -n*b + 2*t. Calculate the highest common divisor of b and 12.
12
Suppose 43 = 2*n + 8*y - 3*y, 0 = 5*y - 15. Suppose -c = -7*v + 2*v - 159, 3*v - 767 = -5*c. What is the greatest common divisor of c and n?
14
Suppose -5*q + 10 = 0, 8*q = -4*w + 13*q + 830. Calculate the greatest common factor of 42 and w.
42
Let w = 24 + -3. Suppose 4*d - 2*d = 0. Suppose 5*p + 14 = 3*s, 0 = -3*s - 5*p + 4 - d. Calculate the highest common factor of s and w.
3
Let w(d) = 10*d - 7. Let y be w(5). Suppose -4*t + y = -5*g, t + 5*g + 7 = -1. Let l be 82/t + (-4)/(-14). Calculate the highest common divisor of 4 and l.
4
Suppose -5*m - 20 = -5. Let z = m - -4. Let w be z - 3 - (-18 + 1). Calculate the greatest common factor of w and 75.
15
Suppose 2*l - 190 = -j + 101, -2*l = 2*j - 294. What is the greatest common divisor of l and 16?
16
Suppose 5*y - 3 = 12, -3*y + 449 = 5*v. Suppose -30 + 6 = -3*j. What is the greatest common factor of v and j?
8
Let x(r) = -r**3 + 11*r**2 - 10*r - 9. Let m(h) = 2*h - 5. Let l be m(7). Let o be x(l). Calculate the greatest common divisor of o and 7.
7
Let o = -4 - -4. Suppose 0*j + 105 = 3*j - 3*t, o = 3*j + 5*t - 65. Let u = 6 + 6. What is the greatest common divisor of u and j?
6
Let a be 782/7 + 2/7. Let g(d) = -15*d - 1. Let q be g(-1). What is the highest common factor of q and a?
14
Let b = -101 + 104. Calculate the highest common factor of 3 and b.
3
Let c(d) = d**2 - 2*d - 1. Let s be c(5). What is the highest common factor of s and 112?
14
Let w(a) = -22*a - 6. Let y be w(-9). Suppose -5*z + 472 = 4*b, -2*b + b = 2. Suppose -2*q + 6*q = z. Calculate the greatest common divisor of y and q.
24
Let c be (-29)/(-3) - (-2)/(-3). Let h(j) = j**3 + 20*j**2 - 3*j + 3. Let t be h(-20). Calculate the greatest common divisor of c and t.
9
Let t(v) = -v + 3. Let i be t(-3). Let z(x) = -x**3 + 7*x**2 - 6*x + 3. Let d be z(i). Let c = d + -1. What is the highest common factor of 8 and c?
2
Let y be (-243)/(-5) - 6/10. Let n = -34 + y. What is the highest common divisor of n and 21?
7
Suppose 5*l + 7 = 127. Calculate the highest common factor of l and 216.
24
Let t = 3 + -5. Let r(h) = -2*h**3 - h**2 - h + 2. Let q be r(t). Calculate the highest common divisor of q and 144.
16
Let q(b) = -b. Let f be q(3). Let i = 2 - f. Let m(h) = -h**2 - 10*h - 9. Let g be m(-6). Calculate the highest common divisor of i and g.
5
Let m(x) = 3*x**3 + 2*x**2 - 2*x - 3. Let n be m(3). Calculate the highest common divisor of 18 and n.
18
Suppose -4*v + 170 = -9*v. Let k = v - -59. Calculate the greatest common divisor of k and 5.
5
Let b(q) = 8*q - 3. Let f be b(2). Let t be 2/((-2)/1) - -1. Suppose 4*y - y - 273 = t. Calculate the greatest common factor of y and f.
13
Let v = -15 + 86. Suppose v = 3*b + 5. What is the greatest common divisor of b and 2?
2
Let c be -1371*3/(27/6). Let q be 2/(-7) + c/(-14). Let b(s) = 2*s**2 - 8*s + 2. Let d be b(6). Calculate the highest common divisor of q and d.
13
Let a(g) = -g**3 - 23*g**2 - 44*g - 14. Let p be a(-21). Calculate the highest common divisor of 14 and p.
14
Suppose -5*o + 262 = 17. What is the greatest common factor of o and 7?
7
Let y = 1 - -9. What is the highest common divisor of y and 15?
5
Let w = 43 + -36. What is the highest common divisor of w and 1?
1
Suppose 4*v + 836 = 4*l, 0 = -5*l - v + 2*v + 1025. Let w = -44 + l. Calculate the highest common factor of 20 and w.
20
Let a be (-67)/(-2) + (-18)/12. Calculate the greatest common factor of a and 4.
4
Suppose 5*k + 5*g = 55, 0 = -g + 2 - 6. Suppose k + 3 = 3*w. Let f be ((-6)/(-5))/(1/15). Calculate the highest common divisor of w and f.
6
Let x be 2/(1*(-4)/(-6)). Suppose -x*g - 6 = -39. Calculate the greatest common factor of g and 22.
11
Let s = -39 + 74. Let n be -1 + 4 + 22/2. What is the highest common divisor of s and n?
7
Let a = -5 + 7. Suppose -12 = -a*j - 0. Let f = -9 - -15. What is the highest common divisor of j and f?
6
Suppose -2*u + 3*r - 6 = -2, -5*r + 16 = -u. Let v = -5 + u. Let l(h) = 56*h**2 - h - 1. Let d be l(v). What is the highest common factor of d and 14?
14
Suppose -n + 4*m - 18 = n, 3*m - 14 = n. Let s(p) = 14*p. Let o be s(n). Calculate the greatest common divisor of o and 21.
7
Let h(m) = m**3 - 4*m**2 + 5*m - 2. Let a be h(3). Let r be (-8)/(a/(-8) - 0). What is the greatest common divisor of r and 2?
2
Let u(w) = -w + 20. Let a be u(10). Calculate the highest common divisor of a and 70.
10
Let p = -24 + 47. What is the greatest common divisor of p and 161?
23
Suppose -2*i + 7*i + 61 = 3*x, 3*x + 4*i - 70 = 0. What is the highest common factor of x and 88?
22
Let x be (-17)/((-1 - -1) + -1). What is the greatest common divisor of x and 17?
17
Let n(d) = 3*d - 6*d**2 - 3 + 14 + 3*d - d**3. Let l be n(-8). What is the greatest common divisor of 13 and l?
13
Suppose 5*a - 10*a - 265 = 0. Let s = 3 - a. What is the highest common factor of s and 7?
7
Suppose -18*p + 14*p + 116 = 0. What is the highest common divisor of 232 and p?
29
Let y(c) = c**2 - 9*c + 8. Let i be y(8). Suppose 4*h - 46 - 52 = -5*u, u - h - 25 = i. What is the greatest common divisor of 11 and u?
11
Let z = -2 + 7. Let h(q) = q**3 - 6*q**2 + 6*q + 4. Let r be h(z). What is the highest common factor of r and 45?
9
Let j(q) = q**3 - q**2 + 2*q - 3. Let l be j(2). Suppose -l*c - y = 4*y - 20, 3*y - 7 = -2*c. Calculate the greatest common factor of 25 and c.
5
Suppose 2*r = 3*c - 13, -3*r = -c + 2*r + 26. Let x be -1 + c + 2 + -3. Let j be -2 + 24 - x - -1. What is the highest common divisor of j and 3?
3
Let t be 9/(-15) - 106/(-10). Calculate the highest common factor of 2 and t.
2
Let x = 6 - 2. Suppose -q = -15 + 3. Let g = q - 0. What is the greatest common factor of x and g?
4
Let z = 207 + -194. Let w(r) = -52*r**3. Let c be w(-1). What is the highest common factor of c and z?
13
Suppose u = 8 + 2. Let j(a) = 2*a - 1. Let m be j(3). Suppose -f + 2*f = m. What is the highest common divisor of u and f?
5
Let q(d) = -d**3 + 10*d**2 - 4*d + 3. Let s be q(8). Let u = -15 + 24. Calculate the greatest common divisor of s and u.
9
Let h(c) = -2*c**3 + c**2 + 2*c + 1. Let m be h(-1). Suppose 0 = k - m, 3*y + y + 5*k = 190. What is the greatest common divisor of 15 and y?
15
Suppose -p = p - 112. Calculate the greatest common factor of 8 and p.
8
Let r = -30 - -45. Calculate the greatest common factor of r and 6.
3
Suppose 109 = 4*z - l, -25 = -z + 2*l - 4*l. Calculate the greatest common divisor of